 -6).
0
Evaluate -4 - -5 - (0 - 1).
2
Calculate -6 + (-13 - -9 - (-2 - 16)).
8
0 - -8 - (-29 - -32)
5
Calculate 7 + 5 + -10 + 0 + -5.
-3
Evaluate (-7 - (4 + -7)) + -2.
-6
What is the value of -9 + (7 - (-4 + 13))?
-11
What is the value of (-6 - -1) + 2 + 5 + -7?
-5
What is 2 + (-3 - (0 - -1))?
-2
Evaluate 12 + (-14 - -3) - 0.
1
What is 6 - 10 - (0 + (-1 - 3))?
0
Calculate -15 + (0 - -26) + -7.
4
Evaluate 17 + -8 + -3 + -1 + 0.
5
What is 1 + 4 + -6 + -7 + 1?
-7
Calculate 1 - (3 + -5) - 3.
0
What is the value of 4 + -1 + (5 - 7 - -4)?
5
What is the value of -5 + 24 + -24 + 10 + 1?
6
Evaluate (2 - 1) + -20 + 16 - -9.
6
1 - (0 - -3 - 4)
2
What is the value of 7 + (-1 - (3 - 4)) + -2?
5
Calculate -3 + (3 - 0 - -5).
5
Evaluate (-3 - -7) + (5 - 9) + 2.
2
Evaluate -5 + -8 + 16 + -1.
2
Evaluate -7 + -1 - (16 - 14 - 18).
8
What is -8 - (4 - 11 - -4)?
-5
Calculate 10 + -13 + -4 + 0.
-7
What is the value of 3 + 3 + -10 + (0 - 0)?
-4
What is the value of 6 + (6 - 0) + (-5 - 0)?
7
What is 4 + (-1 + 4 - 8) + 0?
-1
Evaluate (-11 - (5 + -13 + 2)) + 1.
-4
Calculate 29 + -34 - (-3 - 0 - 2).
0
Evaluate 0 - (2 - 6) - 2.
2
What is 0 + -3 + 0 - -1 - 3?
-5
-19 + 11 - (-14 - 0)
6
What is -4 + (-1 - (-2 - -4)) - -2?
-5
Calculate (10 - 1) + (-13 - -8).
4
Calculate -7 - (-5 - (-2 + 2)).
-2
Calculate 2 - (7 + -1 + -6).
2
Calculate -1 + -1 + -5 + 8.
1
What is -2 - (1 - (0 - -4) - 1)?
2
Calculate -5 - -2 - -1 - (-3 + 0).
1
Evaluate -2 + (0 - (-1 - -3 - 5)).
1
Calculate 17 + 9 + -18 - 3.
5
Evaluate -4 - (-6 - (-7 + 3)).
-2
Evaluate 1 + -2 + 0 - -3.
2
What is (4 - 7) + (-1 - -3)?
-1
-189 - -187 - (1 + -2 - 0)
-1
What is -2 + -2 + (3 - 7 - -6)?
-2
Calculate (14 - 16) + 0 + 4.
2
What is 2 - (16 + -2 + -8)?
-4
What is the value of -2 + 8 + -2 + -11?
-7
Calculate 0 - -3 - (1 - 1).
3
Calculate 1 + (11 - 4 - 3 - 6).
-1
What is 5 + -3 + -12 + 8?
-2
What is -7 + 2 + 8 + -7?
-4
-6 + 4 + 1 + 1 + 0
0
What is 2 - (3 - (8 - 3))?
4
What is the value of -8 + -2 + (0 - -4 - 0)?
-6
-4 - (4 + (-16 - -4))
4
-2 + 2 + (-8 - (-4 - -1))
-5
Calculate 25 - 26 - (-1 + -1).
1
-3 + (3 + -2 + -3 - -1)
-4
What is -1 + 1 + -2 + -3?
-5
What is the value of 6 - 7 - (2 - 1 - 0)?
-2
Evaluate 1 - ((2 - 6) + (-6 - -13)).
-2
3 + -10 + -2 - (-1 - 2)
-6
What is 0 - 0 - (6 + (1 - 7))?
0
What is the value of -8 + -7 - -15 - (-7 - -1)?
6
74 + -69 - (1 - 2)
6
Evaluate 1 + 0 + (-111 - -110).
0
Calculate -1 - -13 - 1 - (16 - 10).
5
4 + 3 + (1 - 9)
-1
(-2 - 0) + (-8 - -16) + -6
0
Calculate -9 - (-3 - 9 - -7).
-4
Evaluate 10 + -1 + 4 + -7.
6
What is the value of -5 - (3 - (-8 + 18))?
2
What is the value of 0 - (-3 - 0) - (-1 + 9)?
-5
What is -4 - -5 - (2 + (-10 - -3))?
6
-6 + 2 - -6 - (21 + -21)
2
What is -8 - -4 - (-1 - -1)?
-4
Evaluate -6 - ((8 - (15 + -2)) + 4).
-5
Calculate (-2 - 0) + 1 + 0.
-1
-3 + -2 + 2 + 5
2
What is (-2 - -5 - -7) + -11?
-1
Calculate 0 + -10 - (-16 + 11).
-5
(-5 - (-1 + -2 + -1)) + 4
3
Calculate 0 + (-9 - (-1 + -13)).
5
Evaluate -1 + (-2 + 3 - -3) - 8.
-5
What is -2 + (3 - 4) - 0?
-3
What is 12 - (7 - (15 + -12))?
8
What is 2 - (-9 + 5 + 5 - 8)?
9
What is (1 + 6 - (24 - 13)) + -5?
-9
What is the value of (-3 - -2 - -3) + -1 - 5?
-4
What is -4 - (4 + (3 - 9))?
-2
Calculate 4 + 0 + (2 - 0 - 2).
4
Evaluate -14 - (-10 - (11 + -8)).
-1
Calculate -1 - -2 - 2 - 2.
-3
What is (19 - (31 - 16)) + (-2 - -2)?
4
Calculate -2 + 0 - -8 - (2 + -1).
5
What is (31 - 32) + (1 - 2 - -1)?
-1
What is 2 + 0 - (17 + -16)?
1
Calculate (5 - 11) + 5 + (-5 - 0).
-6
What is the value of 2 + -7 + (-1 - -10)?
4
What is the value of (-11 - (-3 - 14)) + 0 + 1?
7
-5 + (3 - (-3 + 3 + -3))
1
What is the value of -1 - (1 - (-5 + -3 + 5))?
-5
Calculate -128 + 134 - (-1 + 9).
-2
What is 2 + (-2 - 6) + 5?
-1
What is the value of 3 + -1 + -4 + 1?
-1
What is the value of (-10 - -10) + (-6 - (0 + -3))?
-3
(-2 - -1) + 5 + 0 + -1
3
(5 - 9) + (5 - 8)
-7
What is the value of 4 + (5 - (3 - 3)) + -6?
3
Calculate -8 - (-6 + -7 - -4).
1
Evaluate 22 + (-25 - (2 + -13)).
8
What is 3 + -8 + (5 - 4) + 3?
-1
What is the value of (-7 - -3) + -21 + 31?
6
What is -1 - ((1 - (3 + -4)) + -5)?
2
Calculate -6 + 2 + 0 - (1 + -6).
1
Evaluate 3 + (-7 + 0 - -13).
9
What is the value of 4 + 7 + -8 - 12?
-9
Calculate -4 + -5 + 0 - -2 - -4.
-3
What is -1 - (2 + (-3 - -5))?
-5
12 + -2 + (1 - 0) + -5
6
What is the value of -11 + 7 - -10 - -3?
9
What is the value of (0 - (4 + 1)) + (-3 - 2)?
-10
What is the value of (1 - 4) + 2 + 2 + 2?
3
What is -4 + (2 - (3 + -1 + -2))?
-2
Evaluate 9 - (-9 + 9) - 7.
2
Calculate (-5 - -9) + -5 + 0 + 2.
1
Calculate -4 + -41 + 38 + (13 - 0).
6
What is -8 + 24 + -25 + 14?
5
Calculate 9 + -8 + 10 + -6.
5
What is -3 - -7 - (5 + (-2 - 1))?
2
Evaluate 4 + 0 + 3 + -6 + 5.
6
Calculate (-10 - -15) + -1 + -6.
-2
Calculate 17 - 8 - 8 - 10.
-9
4 - 1 - (1 + 0) - -1
3
What is 2 + 0 + -4 - -3?
1
5 + (2 + 3 - 8) - 0
2
(1 - 2) + 2 + 3
4
What is (1 - 0) + 2 + (-2 - 0)?
1
What is the value of (7 + -9 - 3) + -1?
-6
What is the value of 6 + (-6 - -1) - 1?
0
What is 5 + (-7 - (3 - 6))?
1
Calculate 4 - (-13 + 10 - -10).
-3
Evaluate -7 + (4 + -4 - (-3 + 0)).
-4
Calculate -1 + 1 + (-63 - -61).
-2
12 + -5 + 16 + -23
0
What is the value of 9 + (-7 + 14 - 7)?
9
Calculate 6 - (15 + 0) - -7.
-2
What is the value of (-7 - -5 - -5) + 1 + -3?
1
What is 3 - (6 + -6 + 0)?
3
Evaluate -13 + (4 - 0) + (-23 - -23).
-9
What is 3 + -6 + -2 + 9?
4
Evaluate -1 + 2 + (-2 - -4) - 4.
-1
218 - 211 - (1 - 0 - -13)
-7
Evaluate -15 + 21 - (2 - 0).
4
6 + (6 - -1) - (3 - -3)
7
-4 - 0 - (-45 - -38)
3
3 + -7 + 9 - 10
-5
What is the value of -3 + 10 - ((4 - -5) + -3)?
1
1 + (-3 - 1) - (4 + -2)
-5
What is the value of 4 - -1 - 3 - 4?
-2
What is -6 + 5 - -4 - 3?
0
2 + -1 + -1 - (-6 + 4)
2
Calculate (-17 - -7) + (3 - (4 + -1)).
-10
What is the value of -4 - (-3 + (-1 - (-5 + 4)))?
-1
Calculate (21 - (2 + 6)) + -13.
0
-1 + 0 + (21 - 6) + -10
4
Calculate 3 - (-5 - ((-3 - -1) + -2)).
4
Calculate -2 + 3 + (-7 - -4).
-2
Calculate 1 + 9 - (8 - (-6 + 9)).
5
What is -3 - (-3 - (-2 + 0 + -1))?
-3
4 + -17 + 5 - -3
-5
-6 + -8 + (-1 - -11)
-4
Calculate (2 - 1 - 7) + 1.
-5
Calculate 0 + 6 - (3 + -3).
6
Evaluate -3 - (-1 - 5) - 3.
0
Calculate (-5 - 0) + 7 - 3.
-1
Calculate 7 + (-1 - 0 - (70 - 57)).
-7
Calculate 1 + 6 - (9 - 4 - -7).
-5
What is the value of -2 - ((4 - 5) + (1 - 1))?
-1
What is -3 + (-4 - -11) - 0?
4
Evaluate 5 + -10 + (3 - 1).
-3
Evaluate -4 + 7 + -7 + 2.
-2
Evaluate -7 - (7 + -2 + -14).
2
Calculate (5 - 7 - -4) + -7.
-5
Evaluate 8 + -4 - (3 + 12 + -3).
-8
Calculate -1 + -7 - (-34 + 23).
3
(-1 - -2 - -2) + 18 + -17
4
What is the value of -9 + 11 - (3 + 2)?
-3
-9 - (9 + (-15 - 4))
1
What is -3 + -2 - (-3 - -3)?
-5
Evaluate 0 - 5 - (-7 - (-10 - -9)).
1
Calculate -4 + 1 + (-4 - -2) + 4.
-1
1 - (3 + (-2 - 5 - 2))
7
What is the value of 7 - -6 - (13 + -5)?
5
What is -2 + (-4 - (-4 - -3))?
-5
Evaluate (7 - 1) + 19 + -21.
4
11 + -24 + -5 + 9
-9
30 + -20 + 2 + (0 - 8)
4
Evaluate -14 - (6 + -7 + -5).
-8
Calculate 4 - (7 - (4 - 5)).
-4
Evaluate -8 + 14 + (1 - 11).
-4
What is (5 + -6 - (-4 - -2)) + 3?
4
Evaluate -3 + -6 + 8 + 6.
5
12 + (-19 - -11) - 9
-5
What is the value of -4 - (-4 + 3 - 1)?
-2
What is 10 + -1 - (-8 - 6 - -21)?
2
Evaluate 0 + (8 - 4) + -10.
-6
3 - ((0 - 4) + 3)
4
7 + -16 + (-5 - -10)
-4
What is (14 - 18) + (6 - 3) + 2?
1
Calculate 1 + -6 + (2 - 1) + 3.
-1
What is the value of (0 - 1) + 4 + -3?
0
(-1 - 5) + (-21 - -22)
-5
What is (-8 - -6 - 1) + 10?
7
-4 + -1 + (-5 - -3) + -1
-8
What is 12 + (-1 - 5) - 1?
5
7 - -3 - 5 - 9
-4
What is the value of (6 - (2 - -2)) + -4?
-2
What is -2 + 6 + (3 - 6)?
1
What is -2 + 12 + -9 + 10 + -3?
8
18 + (8 - (6 + (4 - -5)))
11
What is the value of 1 - ((5 - 6) + 0)?
2
6 - (20 + -7 - 6)
-1
-6 - 0 - (-9 - -3)
0
What is (3 - -3) + -4 - -3?
5
What is the value of 9 + (-1 - 3) + 4?
9
What is (-1 - (5 + -5)) + 4?
3
What is (0 - (3 - 0)) + 7 + 3?
7
Evaluate -5 + 13 + -19 + 12.
1
What is the value of -24 + 27 - (0 + -2) - 2?
3
What is the value of 6 + (2 - (5 + 0))?
3
Evaluate (6 - -3) + -5 + -2.
2
What is (-4 - -10) + -1 - 2?
3
Evaluate (7 - -5) + -5 + -4 + 4.
7
-9 + 17 + -10 - -8
6
Calculate 1 + 1 - (0 + 7 - 2).
-3
What is the value of 2 - (-3 - -6) - -4?
3
What is the value of (6 - 2) + (0 - -6) + -10?
0
What is -9 + (2 - -11) + (2 - 6)?
0
What is the v